6 is divided by 123.
117
What is the remainder when 1920 is divided by 111?
33
Calculate the remainder when 123 is divided by 18.
15
Calculate the remainder when 2387 is divided by 21.
14
Calculate the remainder when 314 is divided by 65.
54
Calculate the remainder when 471 is divided by 93.
6
Calculate the remainder when 636 is divided by 29.
27
Calculate the remainder when 3759 is divided by 22.
19
Calculate the remainder when 1604 is divided by 107.
106
Calculate the remainder when 1359 is divided by 324.
63
What is the remainder when 1036 is divided by 52?
48
What is the remainder when 43 is divided by 23?
20
What is the remainder when 238 is divided by 80?
78
Calculate the remainder when 2303 is divided by 18.
17
What is the remainder when 446 is divided by 10?
6
What is the remainder when 506 is divided by 33?
11
Calculate the remainder when 556 is divided by 117.
88
What is the remainder when 264 is divided by 58?
32
Calculate the remainder when 573 is divided by 43.
14
What is the remainder when 42 is divided by 14?
0
What is the remainder when 11 is divided by 3?
2
What is the remainder when 84 is divided by 21?
0
What is the remainder when 283 is divided by 32?
27
Calculate the remainder when 939 is divided by 27.
21
Calculate the remainder when 97 is divided by 52.
45
Calculate the remainder when 104 is divided by 54.
50
Calculate the remainder when 1805 is divided by 251.
48
Calculate the remainder when 758 is divided by 96.
86
What is the remainder when 239 is divided by 56?
15
What is the remainder when 117 is divided by 5?
2
What is the remainder when 1439 is divided by 478?
5
What is the remainder when 478 is divided by 159?
1
Calculate the remainder when 10610 is divided by 41.
32
What is the remainder when 288 is divided by 182?
106
Calculate the remainder when 13333 is divided by 15.
13
Calculate the remainder when 197 is divided by 31.
11
What is the remainder when 107 is divided by 45?
17
Calculate the remainder when 6207 is divided by 16.
15
Calculate the remainder when 1273 is divided by 11.
8
What is the remainder when 171 is divided by 46?
33
What is the remainder when 111 is divided by 66?
45
Calculate the remainder when 86 is divided by 9.
5
What is the remainder when 279 is divided by 72?
63
What is the remainder when 290 is divided by 64?
34
Calculate the remainder when 3357 is divided by 24.
21
Calculate the remainder when 482 is divided by 165.
152
What is the remainder when 2935 is divided by 89?
87
What is the remainder when 307 is divided by 11?
10
Calculate the remainder when 395 is divided by 129.
8
What is the remainder when 2493 is divided by 48?
45
What is the remainder when 27299 is divided by 22?
19
What is the remainder when 260 is divided by 238?
22
Calculate the remainder when 176 is divided by 18.
14
Calculate the remainder when 858 is divided by 88.
66
What is the remainder when 155 is divided by 30?
5
What is the remainder when 73 is divided by 8?
1
Calculate the remainder when 375 is divided by 256.
119
Calculate the remainder when 122 is divided by 63.
59
Calculate the remainder when 716 is divided by 92.
72
What is the remainder when 264 is divided by 194?
70
What is the remainder when 99 is divided by 23?
7
Calculate the remainder when 1199 is divided by 16.
15
What is the remainder when 11485 is divided by 359?
356
Calculate the remainder when 846 is divided by 16.
14
What is the remainder when 2100 is divided by 27?
21
What is the remainder when 4387 is divided by 72?
67
What is the remainder when 655 is divided by 47?
44
Calculate the remainder when 272 is divided by 21.
20
What is the remainder when 1983 is divided by 207?
120
What is the remainder when 852 is divided by 25?
2
What is the remainder when 1396 is divided by 152?
28
What is the remainder when 54 is divided by 28?
26
What is the remainder when 111 is divided by 43?
25
What is the remainder when 2490 is divided by 58?
54
Calculate the remainder when 1304 is divided by 5.
4
What is the remainder when 213 is divided by 9?
6
Calculate the remainder when 68 is divided by 11.
2
What is the remainder when 3422 is divided by 179?
21
Calculate the remainder when 342 is divided by 62.
32
Calculate the remainder when 1225 is divided by 22.
15
What is the remainder when 362 is divided by 74?
66
Calculate the remainder when 1162 is divided by 567.
28
Calculate the remainder when 728 is divided by 68.
48
What is the remainder when 237 is divided by 48?
45
What is the remainder when 1250 is divided by 34?
26
What is the remainder when 455 is divided by 22?
15
Calculate the remainder when 35526 is divided by 10.
6
What is the remainder when 131 is divided by 18?
5
Calculate the remainder when 59018 is divided by 20.
18
Calculate the remainder when 3447 is divided by 10.
7
What is the remainder when 188 is divided by 38?
36
What is the remainder when 143 is divided by 72?
71
Calculate the remainder when 1269 is divided by 141.
0
What is the remainder when 96 is divided by 26?
18
What is the remainder when 352 is divided by 89?
85
Calculate the remainder when 405 is divided by 29.
28
Calculate the remainder when 1245 is divided by 46.
3
What is the remainder when 365 is divided by 16?
13
Calculate the remainder when 103 is divided by 40.
23
What is the remainder when 403 is divided by 131?
10
What is the remainder when 278 is divided by 68?
6
Calculate the remainder when 28 is divided by 25.
3
What is the remainder when 516 is divided by 13?
9
What is the remainder when 44 is divided by 26?
18
Calculate the remainder when 80 is divided by 25.
5
Calculate the remainder when 160 is divided by 43.
31
What is the remainder when 185 is divided by 94?
91
Calculate the remainder when 342 is divided by 69.
66
What is the remainder when 142 is divided by 39?
25
What is the remainder when 72 is divided by 38?
34
Calculate the remainder when 14058 is divided by 89.
85
What is the remainder when 616 is divided by 107?
81
Calculate the remainder when 376 is divided by 29.
28
What is the remainder when 1973 is divided by 94?
93
Calculate the remainder when 1500 is divided by 47.
43
Calculate the remainder when 1231 is divided by 28.
27
What is the remainder when 609 is divided by 6?
3
What is the remainder when 888 is divided by 456?
432
Calculate the remainder when 298 is divided by 16.
10
What is the remainder when 241 is divided by 50?
41
Calculate the remainder when 688 is divided by 214.
46
Calculate the remainder when 134 is divided by 5.
4
What is the remainder when 180 is divided by 38?
28
What is the remainder when 972 is divided by 222?
84
Calculate the remainder when 2279 is divided by 14.
11
Calculate the remainder when 2925 is divided by 24.
21
What is the remainder when 5803 is divided by 129?
127
What is the remainder when 414 is divided by 90?
54
Calculate the remainder when 249 is divided by 173.
76
Calculate the remainder when 127 is divided by 89.
38
Calculate the remainder when 48697 is divided by 26.
25
What is the remainder when 1086 is divided by 276?
258
What is the remainder when 263 is divided by 67?
62
What is the remainder when 479 is divided by 50?
29
Calculate the remainder when 10197 is divided by 68.
65
What is the remainder when 1175 is divided by 586?
3
Calculate the remainder when 92 is divided by 19.
16
What is the remainder when 498 is divided by 179?
140
What is the remainder when 188 is divided by 30?
8
What is the remainder when 109 is divided by 34?
7
What is the remainder when 196 is divided by 35?
21
What is the remainder when 146 is divided by 48?
2
Calculate the remainder when 341 is divided by 86.
83
Calculate the remainder when 535 is divided by 234.
67
What is the remainder when 13 is divided by 10?
3
Calculate the remainder when 97 is divided by 65.
32
Calculate the remainder when 327 is divided by 163.
1
What is the remainder when 167 is divided by 42?
41
Calculate the remainder when 124 is divided by 107.
17
What is the remainder when 4540 is divided by 4540?
0
What is the remainder when 1731 is divided by 428?
19
Calculate the remainder when 3923 is divided by 41.
28
Calculate the remainder when 19 is divided by 15.
4
What is the remainder when 461 is divided by 42?
41
What is the remainder when 93 is 